CRAN Package Check Results for Package FieldSim

Last updated on 2021-09-25 06:49:18 CEST.

Flavor Version Tinstall Tcheck Ttotal Status Flags
r-devel-linux-x86_64-debian-clang 3.2.1 6.30 59.16 65.46 NOTE
r-devel-linux-x86_64-debian-gcc 3.2.1 5.41 41.98 47.39 NOTE
r-devel-linux-x86_64-fedora-clang 3.2.1 84.63 NOTE
r-devel-linux-x86_64-fedora-gcc 3.2.1 73.80 NOTE
r-devel-windows-x86_64 3.2.1 6.00 52.00 58.00 NOTE
r-devel-windows-x86_64-gcc10-UCRT 3.2.1 NOTE
r-patched-linux-x86_64 3.2.1 6.39 55.40 61.79 NOTE
r-patched-solaris-x86 3.2.1 97.30 NOTE
r-release-linux-x86_64 3.2.1 5.05 55.63 60.68 NOTE
r-release-macos-arm64 3.2.1 NOTE
r-release-macos-x86_64 3.2.1 NOTE
r-release-windows-ix86+x86_64 3.2.1 13.00 74.00 87.00 NOTE
r-oldrel-macos-x86_64 3.2.1 NOTE
r-oldrel-windows-ix86+x86_64 3.2.1 9.00 55.00 64.00 NOTE

Check Details

Version: 3.2.1
Check: R code for possible problems
Result: NOTE
    fieldsim: no visible global function definition for 'rnorm'
    midpoint: no visible global function definition for 'rnorm'
    setAtlas_under: no visible global function definition for 'runif'
    setCovf_under : Ibeta: no visible global function definition for
     'pbeta'
    visualize: no visible global function definition for 'colorRampPalette'
    Undefined global functions or variables:
     colorRampPalette pbeta rnorm runif
    Consider adding
     importFrom("grDevices", "colorRampPalette")
     importFrom("stats", "pbeta", "rnorm", "runif")
    to your NAMESPACE file.
Flavors: r-devel-linux-x86_64-debian-clang, r-devel-linux-x86_64-debian-gcc, r-devel-linux-x86_64-fedora-clang, r-devel-linux-x86_64-fedora-gcc, r-devel-windows-x86_64, r-devel-windows-x86_64-gcc10-UCRT, r-patched-linux-x86_64, r-patched-solaris-x86, r-release-linux-x86_64, r-release-macos-arm64, r-release-macos-x86_64, r-release-windows-ix86+x86_64, r-oldrel-macos-x86_64, r-oldrel-windows-ix86+x86_64