CRAN Package Check Results for Package FinTS

Last updated on 2021-09-19 06:48:58 CEST.

Flavor Version Tinstall Tcheck Ttotal Status Flags
r-devel-linux-x86_64-debian-clang 0.4-6 3.59 54.09 57.68 OK
r-devel-linux-x86_64-debian-gcc 0.4-6 2.59 42.82 45.41 OK
r-devel-linux-x86_64-fedora-clang 0.4-6 79.40 OK
r-devel-linux-x86_64-fedora-gcc 0.4-6 72.12 OK
r-devel-windows-x86_64 0.4-6 14.00 70.00 84.00 OK
r-devel-windows-x86_64-gcc10-UCRT 0.4-6 ERROR
r-patched-linux-x86_64 0.4-6 5.16 52.00 57.16 OK
r-patched-solaris-x86 0.4-6 107.10 OK
r-release-linux-x86_64 0.4-6 3.85 51.76 55.61 OK
r-release-macos-arm64 0.4-6 OK
r-release-macos-x86_64 0.4-6 OK
r-release-windows-ix86+x86_64 0.4-6 19.00 77.00 96.00 OK
r-oldrel-macos-x86_64 0.4-6 OK
r-oldrel-windows-ix86+x86_64 0.4-6 18.00 62.00 80.00 OK

Check Details

Version: 0.4-6
Check: whether package can be installed
Result: WARN
    Found the following significant warnings:
     WARNING: installation-time patches will not be applied, could not get the patches index
Flavor: r-devel-windows-x86_64-gcc10-UCRT

Version: 0.4-6
Check: PDF version of manual
Result: WARN
    LaTeX errors when creating PDF version.
    This typically indicates Rd problems.
Flavor: r-devel-windows-x86_64-gcc10-UCRT

Version: 0.4-6
Check: PDF version of manual without hyperrefs or index
Result: ERROR
    Re-running with no redirection of stdout/stderr.
Flavor: r-devel-windows-x86_64-gcc10-UCRT