CRAN Package Check Results for Package FinancialMath

Last updated on 2021-09-27 06:48:22 CEST.

Flavor Version Tinstall Tcheck Ttotal Status Flags
r-devel-linux-x86_64-debian-clang 0.1.1 8.23 48.24 56.47 NOTE
r-devel-linux-x86_64-debian-gcc 0.1.1 6.79 35.57 42.36 NOTE
r-devel-linux-x86_64-fedora-clang 0.1.1 76.24 NOTE
r-devel-linux-x86_64-fedora-gcc 0.1.1 65.76 NOTE
r-devel-windows-x86_64 0.1.1 12.00 43.00 55.00 NOTE
r-devel-windows-x86_64-gcc10-UCRT 0.1.1 NOTE
r-patched-linux-x86_64 0.1.1 7.85 46.39 54.24 NOTE
r-patched-solaris-x86 0.1.1 82.10 NOTE
r-release-linux-x86_64 0.1.1 7.11 46.23 53.34 NOTE
r-release-macos-arm64 0.1.1 NOTE
r-release-macos-x86_64 0.1.1 NOTE
r-release-windows-ix86+x86_64 0.1.1 15.00 57.00 72.00 NOTE
r-oldrel-macos-x86_64 0.1.1 OK
r-oldrel-windows-ix86+x86_64 0.1.1 13.00 55.00 68.00 OK

Check Details

Version: 0.1.1
Check: LazyData
Result: NOTE
     'LazyData' is specified without a 'data' directory
Flavors: r-devel-linux-x86_64-debian-clang, r-devel-linux-x86_64-debian-gcc, r-devel-linux-x86_64-fedora-clang, r-devel-linux-x86_64-fedora-gcc, r-devel-windows-x86_64, r-devel-windows-x86_64-gcc10-UCRT, r-patched-linux-x86_64, r-patched-solaris-x86, r-release-linux-x86_64, r-release-macos-arm64, r-release-macos-x86_64, r-release-windows-ix86+x86_64