CRAN Package Check Results for Package G1DBN

Last updated on 2021-10-27 01:51:18 CEST.

Flavor Version Tinstall Tcheck Ttotal Status Flags
r-devel-linux-x86_64-debian-clang 3.1.1 2.90 52.43 55.33 NOTE
r-devel-linux-x86_64-debian-gcc 3.1.1 2.18 39.98 42.16 NOTE
r-devel-linux-x86_64-fedora-clang 3.1.1 78.36 NOTE
r-devel-linux-x86_64-fedora-gcc 3.1.1 65.51 NOTE
r-devel-windows-x86_64 3.1.1 5.00 75.00 80.00 NOTE
r-devel-windows-x86_64-gcc10-UCRT 3.1.1 NOTE
r-patched-linux-x86_64 3.1.1 2.70 49.98 52.68 NOTE
r-patched-solaris-x86 3.1.1 91.10 NOTE
r-release-linux-x86_64 3.1.1 2.65 50.75 53.40 NOTE
r-release-macos-arm64 3.1.1 NOTE
r-release-macos-x86_64 3.1.1 NOTE
r-release-windows-ix86+x86_64 3.1.1 4.00 73.00 77.00 NOTE
r-oldrel-macos-x86_64 3.1.1 NOTE
r-oldrel-windows-ix86+x86_64 3.1.1 6.00 73.00 79.00 NOTE

Check Details

Version: 3.1.1
Check: DESCRIPTION meta-information
Result: NOTE
    Malformed Title field: should not end in a period.
Flavors: r-devel-linux-x86_64-debian-clang, r-devel-linux-x86_64-debian-gcc, r-devel-linux-x86_64-fedora-clang, r-devel-linux-x86_64-fedora-gcc, r-devel-windows-x86_64, r-devel-windows-x86_64-gcc10-UCRT, r-patched-linux-x86_64, r-patched-solaris-x86, r-release-linux-x86_64, r-release-macos-arm64, r-release-macos-x86_64, r-release-windows-ix86+x86_64, r-oldrel-macos-x86_64, r-oldrel-windows-ix86+x86_64

Version: 3.1.1
Check: dependencies in R code
Result: NOTE
    Packages in Depends field not imported from:
     'MASS' 'igraph'
     These packages need to be imported from (in the NAMESPACE file)
     for when this namespace is loaded but not attached.
Flavors: r-devel-linux-x86_64-debian-clang, r-devel-linux-x86_64-debian-gcc, r-devel-linux-x86_64-fedora-clang, r-devel-linux-x86_64-fedora-gcc, r-devel-windows-x86_64, r-devel-windows-x86_64-gcc10-UCRT, r-patched-linux-x86_64, r-patched-solaris-x86, r-release-linux-x86_64, r-release-macos-arm64, r-release-macos-x86_64, r-release-windows-ix86+x86_64, r-oldrel-macos-x86_64, r-oldrel-windows-ix86+x86_64

Version: 3.1.1
Check: R code for possible problems
Result: NOTE
    DBNScoreStep1: no visible global function definition for 'lm'
    DBNScoreStep1: no visible global function definition for 'rlm'
    DBNScoreStep1: no visible global function definition for 'pt'
    DBNScoreStep2: no visible global function definition for 'lm'
    DBNScoreStep2: no visible global function definition for 'rlm'
    DBNScoreStep2: no visible global function definition for 'pt'
    SimulGeneExpressionAR1: no visible global function definition for
     'rnorm'
    SimulGeneExpressionAR1: no visible global function definition for 'ts'
    SimulNetworkAdjMatrix: no visible global function definition for
     'runif'
    Undefined global functions or variables:
     lm pt rlm rnorm runif ts
    Consider adding
     importFrom("stats", "lm", "pt", "rnorm", "runif", "ts")
    to your NAMESPACE file.
Flavors: r-devel-linux-x86_64-debian-clang, r-devel-linux-x86_64-debian-gcc, r-devel-linux-x86_64-fedora-clang, r-devel-linux-x86_64-fedora-gcc, r-devel-windows-x86_64, r-devel-windows-x86_64-gcc10-UCRT, r-patched-linux-x86_64, r-patched-solaris-x86, r-release-linux-x86_64, r-release-macos-arm64, r-release-macos-x86_64, r-release-windows-ix86+x86_64, r-oldrel-macos-x86_64, r-oldrel-windows-ix86+x86_64