CRAN Package Check Results for Package GADMTools

Last updated on 2021-09-23 07:49:37 CEST.

Flavor Version Tinstall Tcheck Ttotal Status Flags
r-devel-linux-x86_64-debian-clang 3.9-1 13.87 176.73 190.60 OK
r-devel-linux-x86_64-debian-gcc 3.9-1 11.09 134.95 146.04 OK
r-devel-linux-x86_64-fedora-clang 3.9-1 238.42 NOTE
r-devel-linux-x86_64-fedora-gcc 3.9-1 220.10 NOTE
r-devel-windows-x86_64 3.9-1 17.00 323.00 340.00 OK
r-devel-windows-x86_64-gcc10-UCRT 3.9-1 ERROR
r-patched-linux-x86_64 3.9-1 16.29 174.71 191.00 OK
r-patched-solaris-x86 3.9-1 245.30 NOTE
r-release-linux-x86_64 3.9-1 9.68 173.29 182.97 OK
r-release-macos-arm64 3.9-1 NOTE
r-release-macos-x86_64 3.9-1 NOTE
r-release-windows-ix86+x86_64 3.9-1 35.00 463.00 498.00 OK
r-oldrel-macos-x86_64 3.9-1 NOTE
r-oldrel-windows-ix86+x86_64 3.9-1 25.00 302.00 327.00 OK

Check Details

Version: 3.9-1
Check: data for non-ASCII characters
Result: NOTE
     Note: found 19 marked UTF-8 strings
Flavors: r-devel-linux-x86_64-fedora-clang, r-devel-linux-x86_64-fedora-gcc, r-patched-solaris-x86, r-release-macos-arm64, r-release-macos-x86_64, r-oldrel-macos-x86_64

Version: 3.9-1
Check: package dependencies
Result: ERROR
    Packages required but not available:
     'sf', 'rgdal', 'rosm', 'ggmap', 'ggspatial'
    
    Package suggested but not available for checking: 'kableExtra'
    
    See section 'The DESCRIPTION file' in the 'Writing R Extensions'
    manual.
Flavor: r-devel-windows-x86_64-gcc10-UCRT