CRAN Package Check Results for Package GCalignR

Last updated on 2021-09-20 07:50:34 CEST.

Flavor Version Tinstall Tcheck Ttotal Status Flags
r-devel-linux-x86_64-debian-clang 1.0.3 8.95 174.96 183.91 OK
r-devel-linux-x86_64-debian-gcc 1.0.3 6.50 119.95 126.45 OK
r-devel-linux-x86_64-fedora-clang 1.0.3 211.49 OK
r-devel-linux-x86_64-fedora-gcc 1.0.3 202.80 OK
r-devel-windows-x86_64 1.0.3 9.00 150.00 159.00 OK
r-devel-windows-x86_64-gcc10-UCRT 1.0.3 ERROR
r-patched-linux-x86_64 1.0.3 8.30 162.92 171.22 OK
r-patched-solaris-x86 1.0.3 215.00 OK
r-release-linux-x86_64 1.0.3 6.49 160.20 166.69 OK
r-release-macos-arm64 1.0.3 OK
r-release-macos-x86_64 1.0.3 OK
r-release-windows-ix86+x86_64 1.0.3 19.00 203.00 222.00 OK
r-oldrel-macos-x86_64 1.0.3 OK
r-oldrel-windows-ix86+x86_64 1.0.3 18.00 200.00 218.00 OK

Check Details

Version: 1.0.3
Check: whether package can be installed
Result: WARN
    Found the following significant warnings:
     WARNING: installation-time patches will not be applied, could not get the patches index
Flavor: r-devel-windows-x86_64-gcc10-UCRT

Version: 1.0.3
Check: PDF version of manual
Result: WARN
    LaTeX errors when creating PDF version.
    This typically indicates Rd problems.
Flavor: r-devel-windows-x86_64-gcc10-UCRT

Version: 1.0.3
Check: PDF version of manual without hyperrefs or index
Result: ERROR
    Re-running with no redirection of stdout/stderr.
Flavor: r-devel-windows-x86_64-gcc10-UCRT