CRAN Package Check Results for Package GE

Last updated on 2021-10-22 12:59:14 CEST.

Flavor Version Tinstall Tcheck Ttotal Status Flags
r-devel-linux-x86_64-debian-clang 0.2.2 6.00 64.17 70.17 OK
r-devel-linux-x86_64-debian-gcc 0.2.2 4.87 48.49 53.36 OK
r-devel-linux-x86_64-fedora-clang 0.2.2 94.81 OK
r-devel-linux-x86_64-fedora-gcc 0.2.2 83.69 OK
r-devel-windows-x86_64 0.2.2 12.00 92.00 104.00 OK
r-devel-windows-x86_64-gcc10-UCRT 0.2.2 ERROR
r-patched-linux-x86_64 0.2.2 6.95 60.53 67.48 OK
r-patched-solaris-x86 0.2.2 109.00 OK
r-release-linux-x86_64 0.2.2 5.91 61.09 67.00 OK
r-release-macos-arm64 0.2.2 OK
r-release-macos-x86_64 0.2.2 OK
r-release-windows-ix86+x86_64 0.2.2 20.00 91.00 111.00 OK
r-oldrel-macos-x86_64 0.2.2 OK
r-oldrel-windows-ix86+x86_64 0.2.2 13.00 86.00 99.00 OK

Check Details

Version: 0.2.2
Check: package dependencies
Result: ERROR
    Package required but not available: 'DiagrammeR'
    
    See section 'The DESCRIPTION file' in the 'Writing R Extensions'
    manual.
Flavor: r-devel-windows-x86_64-gcc10-UCRT