CRAN Package Check Results for Package GEVcdn

Last updated on 2021-09-19 06:49:00 CEST.

Flavor Version Tinstall Tcheck Ttotal Status Flags
r-devel-linux-x86_64-debian-clang 1.1.6-2 3.04 33.05 36.09 OK
r-devel-linux-x86_64-debian-gcc 1.1.6-2 2.27 27.51 29.78 OK
r-devel-linux-x86_64-fedora-clang 1.1.6-2 52.42 OK
r-devel-linux-x86_64-fedora-gcc 1.1.6-2 41.21 OK
r-devel-windows-x86_64 1.1.6-2 4.00 41.00 45.00 OK
r-devel-windows-x86_64-gcc10-UCRT 1.1.6-2 ERROR
r-patched-linux-x86_64 1.1.6-2 2.75 32.05 34.80 OK
r-patched-solaris-x86 1.1.6-2 58.40 OK
r-release-linux-x86_64 1.1.6-2 2.89 31.67 34.56 OK
r-release-macos-arm64 1.1.6-2 OK
r-release-macos-x86_64 1.1.6-2 OK
r-release-windows-ix86+x86_64 1.1.6-2 6.00 48.00 54.00 OK
r-oldrel-macos-x86_64 1.1.6-2 OK
r-oldrel-windows-ix86+x86_64 1.1.6-2 6.00 40.00 46.00 OK

Check Details

Version: 1.1.6-2
Check: whether package can be installed
Result: WARN
    Found the following significant warnings:
     WARNING: installation-time patches will not be applied, could not get the patches index
Flavor: r-devel-windows-x86_64-gcc10-UCRT

Version: 1.1.6-2
Check: PDF version of manual
Result: WARN
    LaTeX errors when creating PDF version.
    This typically indicates Rd problems.
Flavor: r-devel-windows-x86_64-gcc10-UCRT

Version: 1.1.6-2
Check: PDF version of manual without hyperrefs or index
Result: ERROR
    Re-running with no redirection of stdout/stderr.
Flavor: r-devel-windows-x86_64-gcc10-UCRT