CRAN Package Check Results for Package GFD

Last updated on 2021-10-21 11:53:02 CEST.

Flavor Version Tinstall Tcheck Ttotal Status Flags
r-devel-linux-x86_64-debian-clang 0.3.2 6.14 67.02 73.16 OK
r-devel-linux-x86_64-debian-gcc 0.3.2 5.06 50.03 55.09 OK
r-devel-linux-x86_64-fedora-clang 0.3.2 99.09 NOTE
r-devel-linux-x86_64-fedora-gcc 0.3.2 87.41 OK
r-devel-windows-x86_64 0.3.2 11.00 97.00 108.00 OK
r-devel-windows-x86_64-gcc10-UCRT 0.3.2 WARN
r-patched-linux-x86_64 0.3.2 5.60 64.35 69.95 OK
r-patched-solaris-x86 0.3.2 108.70 OK
r-release-linux-x86_64 0.3.2 5.09 64.41 69.50 OK
r-release-macos-arm64 0.3.2 WARN
r-release-macos-x86_64 0.3.2 OK
r-release-windows-ix86+x86_64 0.3.2 11.00 92.00 103.00 OK
r-oldrel-macos-x86_64 0.3.2 OK
r-oldrel-windows-ix86+x86_64 0.3.2 14.00 99.00 113.00 OK

Check Details

Version: 0.3.2
Check: package dependencies
Result: NOTE
    Suggests orphaned package: ‘RGtk2’
Flavor: r-devel-linux-x86_64-fedora-clang

Version: 0.3.2
Check: package dependencies
Result: NOTE
    Package suggested but not available for checking: 'RGtk2'
Flavors: r-devel-windows-x86_64-gcc10-UCRT, r-release-macos-arm64

Version: 0.3.2
Check: re-building of vignette outputs
Result: WARN
    Error(s) in re-building vignettes:
    --- re-building 'IntroductionToGFD.Rmd' using rmarkdown
    Quitting from lines 106-107 (IntroductionToGFD.Rmd)
    Error: processing vignette 'IntroductionToGFD.Rmd' failed with diagnostics:
    The GUI cannot be used without packages RGtk2.
    --- failed re-building 'IntroductionToGFD.Rmd'
    
    SUMMARY: processing the following file failed:
     'IntroductionToGFD.Rmd'
    
    Error: Vignette re-building failed.
    Execution halted
Flavor: r-devel-windows-x86_64-gcc10-UCRT

Version: 0.3.2
Check: re-building of vignette outputs
Result: WARN
    Error(s) in re-building vignettes:
     ...
    --- re-building ‘IntroductionToGFD.Rmd’ using rmarkdown
    Quitting from lines 106-107 (IntroductionToGFD.Rmd)
    Error: processing vignette 'IntroductionToGFD.Rmd' failed with diagnostics:
    The GUI cannot be used without packages RGtk2.
    --- failed re-building ‘IntroductionToGFD.Rmd’
    
    SUMMARY: processing the following file failed:
     ‘IntroductionToGFD.Rmd’
    
    Error: Vignette re-building failed.
    Execution halted
Flavor: r-release-macos-arm64