CRAN Package Check Results for Package GLIDE

Last updated on 2021-09-21 06:48:25 CEST.

Flavor Version Tinstall Tcheck Ttotal Status Flags
r-devel-linux-x86_64-debian-clang 1.0.2 4.70 34.91 39.61 OK
r-devel-linux-x86_64-debian-gcc 1.0.2 2.85 28.24 31.09 OK
r-devel-linux-x86_64-fedora-clang 1.0.2 57.11 NOTE
r-devel-linux-x86_64-fedora-gcc 1.0.2 45.45 NOTE
r-devel-windows-x86_64 1.0.2 5.00 44.00 49.00 OK
r-devel-windows-x86_64-gcc10-UCRT 1.0.2 ERROR
r-patched-linux-x86_64 1.0.2 3.79 34.42 38.21 OK
r-patched-solaris-x86 1.0.2 68.60 OK
r-release-linux-x86_64 1.0.2 3.40 34.46 37.86 OK
r-release-macos-arm64 1.0.2 OK
r-release-macos-x86_64 1.0.2 OK
r-release-windows-ix86+x86_64 1.0.2 10.00 68.00 78.00 OK
r-oldrel-macos-x86_64 1.0.2 OK
r-oldrel-windows-ix86+x86_64 1.0.2 9.00 50.00 59.00 OK

Check Details

Version: 1.0.2
Check: compiled code
Result: NOTE
    File ‘GLIDE/libs/GLIDE.so’:
     Found no calls to: ‘R_registerRoutines’, ‘R_useDynamicSymbols’
    
    It is good practice to register native routines and to disable symbol
    search.
    
    See ‘Writing portable packages’ in the ‘Writing R Extensions’ manual.
Flavors: r-devel-linux-x86_64-fedora-clang, r-devel-linux-x86_64-fedora-gcc

Version: 1.0.2
Check: whether package can be installed
Result: ERROR
    Installation failed.
Flavor: r-devel-windows-x86_64-gcc10-UCRT