CRAN Package Check Results for Package GMMBoost

Last updated on 2021-09-25 06:49:20 CEST.

Flavor Version Tinstall Tcheck Ttotal Status Flags
r-devel-linux-x86_64-debian-clang 1.1.3 16.66 80.76 97.42 OK
r-devel-linux-x86_64-debian-gcc 1.1.3 12.33 59.70 72.03 OK
r-devel-linux-x86_64-fedora-clang 1.1.3 122.67 NOTE
r-devel-linux-x86_64-fedora-gcc 1.1.3 112.16 OK
r-devel-windows-x86_64 1.1.3 20.00 70.00 90.00 OK
r-devel-windows-x86_64-gcc10-UCRT 1.1.3 OK
r-patched-linux-x86_64 1.1.3 13.84 78.54 92.38 OK
r-patched-solaris-x86 1.1.3 133.70 OK
r-release-linux-x86_64 1.1.3 15.04 76.73 91.77 OK
r-release-macos-arm64 1.1.3 OK
r-release-macos-x86_64 1.1.3 OK
r-release-windows-ix86+x86_64 1.1.3 25.00 96.00 121.00 OK
r-oldrel-macos-x86_64 1.1.3 OK
r-oldrel-windows-ix86+x86_64 1.1.3 20.00 76.00 96.00 OK

Check Details

Version: 1.1.3
Check: Rd cross-references
Result: NOTE
    Undeclared package ‘glmmLasso’ in Rd xrefs
Flavor: r-devel-linux-x86_64-fedora-clang