CRAN Package Check Results for Package GPvecchia

Last updated on 2021-09-21 06:48:25 CEST.

Flavor Version Tinstall Tcheck Ttotal Status Flags
r-devel-linux-x86_64-debian-clang 0.1.3 147.21 75.33 222.54 OK
r-devel-linux-x86_64-debian-gcc 0.1.3 90.05 47.47 137.52 OK
r-devel-linux-x86_64-fedora-clang 0.1.3 311.05 NOTE
r-devel-linux-x86_64-fedora-gcc 0.1.3 259.53 OK
r-devel-windows-x86_64 0.1.3 123.00 75.00 198.00 OK
r-devel-windows-x86_64-gcc10-UCRT 0.1.3 ERROR
r-patched-linux-x86_64 0.1.3 108.96 60.50 169.46 OK
r-patched-solaris-x86 0.1.3 273.40 OK
r-release-linux-x86_64 0.1.3 95.83 60.67 156.50 OK
r-release-macos-arm64 0.1.3 NOTE
r-release-macos-x86_64 0.1.3 NOTE
r-release-windows-ix86+x86_64 0.1.3 330.00 117.00 447.00 OK
r-oldrel-macos-x86_64 0.1.3 NOTE
r-oldrel-windows-ix86+x86_64 0.1.3 329.00 111.00 440.00 OK

Check Details

Version: 0.1.3
Check: installed package size
Result: NOTE
     installed size is 5.1Mb
     sub-directories of 1Mb or more:
     libs 4.6Mb
Flavors: r-devel-linux-x86_64-fedora-clang, r-release-macos-arm64, r-release-macos-x86_64, r-oldrel-macos-x86_64

Version: 0.1.3
Check: whether package can be installed
Result: ERROR
    Installation failed.
Flavor: r-devel-windows-x86_64-gcc10-UCRT