CRAN Package Check Results for Package GRAPE

Last updated on 2021-09-26 06:49:08 CEST.

Flavor Version Tinstall Tcheck Ttotal Status Flags
r-devel-linux-x86_64-debian-clang 0.1.1 2.05 22.63 24.68 NOTE
r-devel-linux-x86_64-debian-gcc 0.1.1 1.69 17.88 19.57 NOTE
r-devel-linux-x86_64-fedora-clang 0.1.1 38.89 NOTE
r-devel-linux-x86_64-fedora-gcc 0.1.1 28.50 NOTE
r-devel-windows-x86_64 0.1.1 4.00 31.00 35.00 NOTE
r-devel-windows-x86_64-gcc10-UCRT 0.1.1 NOTE
r-patched-linux-x86_64 0.1.1 2.00 21.88 23.88 NOTE
r-patched-solaris-x86 0.1.1 44.80 NOTE
r-release-linux-x86_64 0.1.1 2.05 22.18 24.23 NOTE
r-release-macos-arm64 0.1.1 NOTE
r-release-macos-x86_64 0.1.1 NOTE
r-release-windows-ix86+x86_64 0.1.1 5.00 39.00 44.00 NOTE
r-oldrel-macos-x86_64 0.1.1 OK
r-oldrel-windows-ix86+x86_64 0.1.1 5.00 37.00 42.00 OK

Check Details

Version: 0.1.1
Check: LazyData
Result: NOTE
     'LazyData' is specified without a 'data' directory
Flavors: r-devel-linux-x86_64-debian-clang, r-devel-linux-x86_64-debian-gcc, r-devel-linux-x86_64-fedora-clang, r-devel-linux-x86_64-fedora-gcc, r-devel-windows-x86_64, r-devel-windows-x86_64-gcc10-UCRT, r-patched-linux-x86_64, r-patched-solaris-x86, r-release-linux-x86_64, r-release-macos-arm64, r-release-macos-x86_64, r-release-windows-ix86+x86_64