CRAN Package Check Results for Package GUILDS

Last updated on 2021-09-17 06:48:45 CEST.

Flavor Version Tinstall Tcheck Ttotal Status Flags
r-devel-linux-x86_64-debian-clang 1.3 20.74 133.90 154.64 NOTE
r-devel-linux-x86_64-debian-gcc 1.3 14.06 95.89 109.95 NOTE
r-devel-linux-x86_64-fedora-clang 1.3 198.11 NOTE
r-devel-linux-x86_64-fedora-gcc 1.3 182.80 NOTE
r-devel-windows-x86_64 1.3 20.00 200.00 220.00 NOTE
r-devel-windows-x86_64-gcc10-UCRT 1.3 OK
r-patched-linux-x86_64 1.3 17.37 128.65 146.02 NOTE
r-patched-solaris-x86 1.3 447.40 OK
r-release-linux-x86_64 1.3 17.70 128.84 146.54 NOTE
r-release-macos-arm64 1.3 OK
r-release-macos-x86_64 1.3 OK
r-release-windows-ix86+x86_64 1.3 49.00 206.00 255.00 NOTE
r-oldrel-macos-x86_64 1.3 OK
r-oldrel-windows-ix86+x86_64 1.3 39.00 205.00 244.00 NOTE

Check Details

Version: 1.3
Check: package vignettes
Result: NOTE
    Package vignette with placeholder title 'Vignette Title':
     'GUILDS.Rmd'
Flavors: r-devel-linux-x86_64-debian-clang, r-devel-linux-x86_64-debian-gcc, r-devel-windows-x86_64, r-patched-linux-x86_64, r-release-linux-x86_64, r-release-windows-ix86+x86_64, r-oldrel-windows-ix86+x86_64

Version: 1.3
Check: compiled code
Result: NOTE
    File ‘GUILDS/libs/GUILDS.so’:
     Found no calls to: ‘R_registerRoutines’, ‘R_useDynamicSymbols’
    
    It is good practice to register native routines and to disable symbol
    search.
    
    See ‘Writing portable packages’ in the ‘Writing R Extensions’ manual.
Flavors: r-devel-linux-x86_64-fedora-clang, r-devel-linux-x86_64-fedora-gcc