CRAN Package Check Results for Package GWASinspector

Last updated on 2021-09-16 06:48:44 CEST.

Flavor Version Tinstall Tcheck Ttotal Status Flags
r-devel-linux-x86_64-debian-clang 1.5.2 18.29 120.30 138.59 NOTE
r-devel-linux-x86_64-debian-gcc 1.5.2 16.19 87.03 103.22 NOTE
r-devel-linux-x86_64-fedora-clang 1.5.2 169.20 NOTE
r-devel-linux-x86_64-fedora-gcc 1.5.2 157.97 NOTE
r-devel-windows-x86_64 1.5.2 23.00 148.00 171.00 NOTE
r-devel-windows-x86_64-gcc10-UCRT 1.5.2 NOTE
r-patched-linux-x86_64 1.5.2 16.79 104.05 120.84 NOTE
r-patched-solaris-x86 1.5.2 196.30 NOTE
r-release-linux-x86_64 1.5.2 15.17 103.65 118.82 NOTE
r-release-macos-arm64 1.5.2 NOTE
r-release-macos-x86_64 1.5.2 NOTE
r-release-windows-ix86+x86_64 1.5.2 37.00 129.00 166.00 NOTE
r-oldrel-macos-x86_64 1.5.2 OK
r-oldrel-windows-ix86+x86_64 1.5.2 28.00 124.00 152.00 OK

Check Details

Version: 1.5.2
Check: LazyData
Result: NOTE
     'LazyData' is specified without a 'data' directory
Flavors: r-devel-linux-x86_64-debian-clang, r-devel-linux-x86_64-debian-gcc, r-devel-linux-x86_64-fedora-clang, r-devel-linux-x86_64-fedora-gcc, r-devel-windows-x86_64, r-devel-windows-x86_64-gcc10-UCRT, r-patched-linux-x86_64, r-patched-solaris-x86, r-release-linux-x86_64, r-release-macos-arm64, r-release-macos-x86_64, r-release-windows-ix86+x86_64