CRAN Package Check Results for Package GauPro

Last updated on 2021-09-20 07:50:34 CEST.

Flavor Version Tinstall Tcheck Ttotal Status Flags
r-devel-linux-x86_64-debian-clang 0.2.4 254.89 121.40 376.29 OK
r-devel-linux-x86_64-debian-gcc 0.2.4 169.91 85.42 255.33 OK
r-devel-linux-x86_64-fedora-clang 0.2.4 531.93 NOTE
r-devel-linux-x86_64-fedora-gcc 0.2.4 480.59 OK
r-devel-windows-x86_64 0.2.4 231.00 125.00 356.00 OK
r-devel-windows-x86_64-gcc10-UCRT 0.2.4 ERROR
r-patched-linux-x86_64 0.2.4 209.93 114.02 323.95 OK
r-patched-solaris-x86 0.2.4 422.80 OK
r-release-linux-x86_64 0.2.4 199.29 112.07 311.36 OK
r-release-macos-arm64 0.2.4 NOTE
r-release-macos-x86_64 0.2.4 NOTE
r-release-windows-ix86+x86_64 0.2.4 580.00 242.00 822.00 OK
r-oldrel-macos-x86_64 0.2.4 NOTE
r-oldrel-windows-ix86+x86_64 0.2.4 581.00 246.00 827.00 OK

Check Details

Version: 0.2.4
Check: installed package size
Result: NOTE
     installed size is 6.9Mb
     sub-directories of 1Mb or more:
     libs 5.5Mb
Flavors: r-devel-linux-x86_64-fedora-clang, r-release-macos-arm64, r-release-macos-x86_64, r-oldrel-macos-x86_64

Version: 0.2.4
Check: whether package can be installed
Result: ERROR
    Installation failed.
Flavor: r-devel-windows-x86_64-gcc10-UCRT