CRAN Package Check Results for Package GenForImp

Last updated on 2021-09-27 06:48:23 CEST.

Flavor Version Tinstall Tcheck Ttotal Status Flags
r-devel-linux-x86_64-debian-clang 1.0 3.13 38.72 41.85 NOTE
r-devel-linux-x86_64-debian-gcc 1.0 2.65 29.63 32.28 NOTE
r-devel-linux-x86_64-fedora-clang 1.0 60.03 NOTE
r-devel-linux-x86_64-fedora-gcc 1.0 49.69 NOTE
r-devel-windows-x86_64 1.0 5.00 42.00 47.00 NOTE
r-devel-windows-x86_64-gcc10-UCRT 1.0 NOTE
r-patched-linux-x86_64 1.0 4.10 37.40 41.50 NOTE
r-patched-solaris-x86 1.0 75.10 NOTE
r-release-linux-x86_64 1.0 3.33 37.65 40.98 NOTE
r-release-macos-arm64 1.0 NOTE
r-release-macos-x86_64 1.0 NOTE
r-release-windows-ix86+x86_64 1.0 8.00 58.00 66.00 NOTE
r-oldrel-macos-x86_64 1.0 NOTE
r-oldrel-windows-ix86+x86_64 1.0 7.00 43.00 50.00 NOTE

Check Details

Version: 1.0
Check: R code for possible problems
Result: NOTE
    ForImp.Mahala: no visible global function definition for 'combn'
    ForImp.Mahala: no visible global function definition for 'var'
    ForImp.Mahala: no visible global function definition for 'quantile'
    ForImp.Mahala : <anonymous>: no visible global function definition for
     'var'
    ForImp.Mahala : <anonymous> : <anonymous>: no visible global function
     definition for 'var'
    ForImp.Mahala : <anonymous> : <anonymous>: no visible global function
     definition for 'quantile'
    ForImp.PCA: no visible global function definition for 'cov'
    ForImp.PCA: no visible global function definition for 'princomp'
    ForImp.PCA: no visible global function definition for 'combn'
    ForImp.PCA: no visible global function definition for 'quantile'
    ForImp.PCA : <anonymous> : <anonymous>: no visible global function
     definition for 'quantile'
    Undefined global functions or variables:
     combn cov princomp quantile var
    Consider adding
     importFrom("stats", "cov", "princomp", "quantile", "var")
     importFrom("utils", "combn")
    to your NAMESPACE file.
Flavors: r-devel-linux-x86_64-debian-clang, r-devel-linux-x86_64-debian-gcc, r-devel-linux-x86_64-fedora-clang, r-devel-linux-x86_64-fedora-gcc, r-devel-windows-x86_64, r-devel-windows-x86_64-gcc10-UCRT, r-patched-linux-x86_64, r-patched-solaris-x86, r-release-linux-x86_64, r-release-macos-arm64, r-release-macos-x86_64, r-release-windows-ix86+x86_64, r-oldrel-macos-x86_64, r-oldrel-windows-ix86+x86_64