CRAN Package Check Results for Package GenWin

Last updated on 2021-11-27 08:50:38 CET.

Flavor Version Tinstall Tcheck Ttotal Status Flags
r-devel-linux-x86_64-debian-clang 0.1 NOTE
r-devel-linux-x86_64-debian-gcc 0.1 2.00 18.08 20.08 NOTE
r-devel-linux-x86_64-fedora-clang 0.1 42.44 NOTE
r-devel-linux-x86_64-fedora-gcc 0.1 32.05 NOTE
r-devel-windows-x86_64-new-UL 0.1 6.00 57.00 63.00 NOTE
r-devel-windows-x86_64-new-TK 0.1 NOTE
r-devel-windows-x86_64-old 0.1 4.00 39.00 43.00 NOTE
r-patched-linux-x86_64 0.1 2.37 21.81 24.18 NOTE
r-patched-solaris-x86 0.1 49.40 NOTE
r-release-linux-x86_64 0.1 NOTE
r-release-macos-arm64 0.1 NOTE
r-release-macos-x86_64 0.1 NOTE
r-release-windows-ix86+x86_64 0.1 5.00 40.00 45.00 NOTE
r-oldrel-macos-x86_64 0.1 NOTE
r-oldrel-windows-ix86+x86_64 0.1 5.00 38.00 43.00 NOTE

Check Details

Version: 0.1
Check: R code for possible problems
Result: NOTE
    splineAnalyze: no visible global function definition for 'var'
    splineAnalyze: no visible global function definition for 'par'
    splineAnalyze: no visible global function definition for 'lines'
    Undefined global functions or variables:
     lines par var
    Consider adding
     importFrom("graphics", "lines", "par")
     importFrom("stats", "var")
    to your NAMESPACE file.
Flavors: r-devel-linux-x86_64-debian-clang, r-devel-linux-x86_64-debian-gcc, r-devel-linux-x86_64-fedora-clang, r-devel-linux-x86_64-fedora-gcc, r-devel-windows-x86_64-new-UL, r-devel-windows-x86_64-new-TK, r-devel-windows-x86_64-old, r-patched-linux-x86_64, r-patched-solaris-x86, r-release-linux-x86_64, r-release-macos-arm64, r-release-macos-x86_64, r-release-windows-ix86+x86_64, r-oldrel-macos-x86_64, r-oldrel-windows-ix86+x86_64