CRAN Package Check Results for Package GetLattesData

Last updated on 2021-11-27 08:50:38 CET.

Flavor Version Tinstall Tcheck Ttotal Status Flags
r-devel-linux-x86_64-debian-clang 1.4 NOTE
r-devel-linux-x86_64-debian-gcc 1.4 2.17 29.89 32.06 NOTE
r-devel-linux-x86_64-fedora-clang 1.4 60.45 NOTE
r-devel-linux-x86_64-fedora-gcc 1.4 50.21 NOTE
r-devel-windows-x86_64-new-UL 1.4 8.00 81.00 89.00 NOTE
r-devel-windows-x86_64-new-TK 1.4 NOTE
r-devel-windows-x86_64-old 1.4 5.00 56.00 61.00 NOTE
r-patched-linux-x86_64 1.4 3.00 37.05 40.05 NOTE
r-patched-solaris-x86 1.4 65.10 NOTE
r-release-linux-x86_64 1.4 NOTE
r-release-macos-arm64 1.4 NOTE
r-release-macos-x86_64 1.4 NOTE
r-release-windows-ix86+x86_64 1.4 8.00 62.00 70.00 NOTE
r-oldrel-macos-x86_64 1.4 OK
r-oldrel-windows-ix86+x86_64 1.4 21.00 65.00 86.00 OK

Check Details

Version: 1.4
Check: LazyData
Result: NOTE
     'LazyData' is specified without a 'data' directory
Flavors: r-devel-linux-x86_64-debian-clang, r-devel-linux-x86_64-debian-gcc, r-devel-linux-x86_64-fedora-clang, r-devel-linux-x86_64-fedora-gcc, r-devel-windows-x86_64-new-UL, r-devel-windows-x86_64-new-TK, r-devel-windows-x86_64-old, r-patched-linux-x86_64, r-patched-solaris-x86, r-release-linux-x86_64, r-release-macos-arm64, r-release-macos-x86_64, r-release-windows-ix86+x86_64