CRAN Package Check Results for Package Ghat

Last updated on 2021-09-21 06:48:25 CEST.

Flavor Version Tinstall Tcheck Ttotal Status Flags
r-devel-linux-x86_64-debian-clang 0.1.0 4.17 26.24 30.41 OK
r-devel-linux-x86_64-debian-gcc 0.1.0 3.38 20.75 24.13 OK
r-devel-linux-x86_64-fedora-clang 0.1.0 46.09 OK
r-devel-linux-x86_64-fedora-gcc 0.1.0 35.81 OK
r-devel-windows-x86_64 0.1.0 7.00 31.00 38.00 OK
r-devel-windows-x86_64-gcc10-UCRT 0.1.0 ERROR
r-patched-linux-x86_64 0.1.0 3.69 26.48 30.17 OK
r-patched-solaris-x86 0.1.0 60.20 OK
r-release-linux-x86_64 0.1.0 3.41 26.16 29.57 OK
r-release-macos-arm64 0.1.0 OK
r-release-macos-x86_64 0.1.0 OK
r-release-windows-ix86+x86_64 0.1.0 10.00 41.00 51.00 OK
r-oldrel-macos-x86_64 0.1.0 OK
r-oldrel-windows-ix86+x86_64 0.1.0 8.00 45.00 53.00 OK

Check Details

Version: 0.1.0
Check: whether package can be installed
Result: WARN
    Found the following significant warnings:
     WARNING: installation-time patches will not be applied, could not get the patches index
Flavor: r-devel-windows-x86_64-gcc10-UCRT

Version: 0.1.0
Check: PDF version of manual
Result: WARN
    LaTeX errors when creating PDF version.
    This typically indicates Rd problems.
Flavor: r-devel-windows-x86_64-gcc10-UCRT

Version: 0.1.0
Check: PDF version of manual without hyperrefs or index
Result: ERROR
    Re-running with no redirection of stdout/stderr.
Flavor: r-devel-windows-x86_64-gcc10-UCRT