CRAN Package Check Results for Package Gmisc

Last updated on 2021-09-22 06:48:28 CEST.

Flavor Version Tinstall Tcheck Ttotal Status Flags
r-devel-linux-x86_64-debian-clang 2.1.0 55.05 189.34 244.39 OK
r-devel-linux-x86_64-debian-gcc 2.1.0 34.54 137.84 172.38 OK
r-devel-linux-x86_64-fedora-clang 2.1.0 302.68 OK
r-devel-linux-x86_64-fedora-gcc 2.1.0 276.51 OK
r-devel-windows-x86_64 2.1.0 53.00 170.00 223.00 OK
r-devel-windows-x86_64-gcc10-UCRT 2.1.0 ERROR
r-patched-linux-x86_64 2.1.0 47.51 190.88 238.39 OK
r-patched-solaris-x86 2.1.0 300.10 OK --no-tests
r-release-linux-x86_64 2.1.0 41.52 188.78 230.30 OK
r-release-macos-arm64 2.1.0 OK
r-release-macos-x86_64 2.1.0 OK
r-release-windows-ix86+x86_64 2.1.0 115.00 288.00 403.00 OK
r-oldrel-macos-x86_64 2.1.0 OK
r-oldrel-windows-ix86+x86_64 2.1.0 115.00 312.00 427.00 OK

Check Details

Version: 2.1.0
Check: package dependencies
Result: ERROR
    Packages required but not available: 'Hmisc', 'XML'
    
    See section 'The DESCRIPTION file' in the 'Writing R Extensions'
    manual.
Flavor: r-devel-windows-x86_64-gcc10-UCRT