CRAN Package Check Results for Package GpGp

Last updated on 2021-10-16 06:48:12 CEST.

Flavor Version Tinstall Tcheck Ttotal Status Flags
r-devel-linux-x86_64-debian-clang 0.4.0 64.47 78.87 143.34 OK
r-devel-linux-x86_64-debian-gcc 0.4.0 53.90 50.40 104.30 OK
r-devel-linux-x86_64-fedora-clang 0.4.0 214.82 NOTE
r-devel-linux-x86_64-fedora-gcc 0.4.0 183.61 OK
r-devel-windows-x86_64 0.4.0 72.00 83.00 155.00 OK
r-devel-windows-x86_64-gcc10-UCRT 0.4.0 OK
r-patched-linux-x86_64 0.4.0 67.56 64.86 132.42 OK
r-patched-solaris-x86 0.4.0 226.80 ERROR
r-release-linux-x86_64 0.4.0 64.10 65.02 129.12 OK
r-release-macos-arm64 0.4.0 NOTE
r-release-macos-x86_64 0.4.0 NOTE
r-release-windows-ix86+x86_64 0.4.0 169.00 141.00 310.00 OK
r-oldrel-macos-x86_64 0.4.0 NOTE
r-oldrel-windows-ix86+x86_64 0.4.0 165.00 152.00 317.00 OK

Check Details

Version: 0.4.0
Check: installed package size
Result: NOTE
     installed size is 7.7Mb
     sub-directories of 1Mb or more:
     data 1.4Mb
     libs 5.9Mb
Flavors: r-devel-linux-x86_64-fedora-clang, r-release-macos-arm64, r-release-macos-x86_64, r-oldrel-macos-x86_64

Version: 0.4.0
Check: tests
Result: ERROR
     Running ‘testthat.R’ [21s/24s]
    Running the tests in ‘tests/testthat.R’ failed.
    Complete output:
     > library(testthat)
     > library(GpGp)
     >
     > test_check("GpGp")
     ══ Failed tests ════════════════════════════════════════════════════════════════
     ── Failure (test_loglik.R:33:5): likelihood approximations are exact when m = n-1 ──
     llobj$loglik not equal to `ll_exact`.
     1/1 mismatches
     [1] 217 - 62.7 == 155
     ── Failure (test_loglik.R:39:5): likelihood approximations are exact when m = n-1 ──
     llobj$loglik not equal to `ll_exact`.
     1/1 mismatches
     [1] 217 - 62.7 == 155
    
     [ FAIL 2 | WARN 0 | SKIP 0 | PASS 117 ]
     Error: Test failures
     Execution halted
Flavor: r-patched-solaris-x86