CRAN Package Check Results for Package GroupComparisons

Last updated on 2021-09-27 06:48:24 CEST.

Flavor Version Tinstall Tcheck Ttotal Status Flags
r-devel-linux-x86_64-debian-clang 0.1.0 5.09 45.71 50.80 NOTE
r-devel-linux-x86_64-debian-gcc 0.1.0 3.92 33.87 37.79 NOTE
r-devel-linux-x86_64-fedora-clang 0.1.0 68.79 NOTE
r-devel-linux-x86_64-fedora-gcc 0.1.0 56.09 NOTE
r-devel-windows-x86_64 0.1.0 6.00 50.00 56.00 NOTE
r-devel-windows-x86_64-gcc10-UCRT 0.1.0 NOTE
r-patched-linux-x86_64 0.1.0 5.14 43.12 48.26 NOTE
r-patched-solaris-x86 0.1.0 90.20 NOTE
r-release-linux-x86_64 0.1.0 4.66 43.37 48.03 NOTE
r-release-macos-arm64 0.1.0 NOTE
r-release-macos-x86_64 0.1.0 NOTE
r-release-windows-ix86+x86_64 0.1.0 13.00 60.00 73.00 NOTE
r-oldrel-macos-x86_64 0.1.0 OK
r-oldrel-windows-ix86+x86_64 0.1.0 11.00 46.00 57.00 OK

Check Details

Version: 0.1.0
Check: LazyData
Result: NOTE
     'LazyData' is specified without a 'data' directory
Flavors: r-devel-linux-x86_64-debian-clang, r-devel-linux-x86_64-debian-gcc, r-devel-linux-x86_64-fedora-clang, r-devel-linux-x86_64-fedora-gcc, r-devel-windows-x86_64, r-devel-windows-x86_64-gcc10-UCRT, r-patched-linux-x86_64, r-patched-solaris-x86, r-release-linux-x86_64, r-release-macos-arm64, r-release-macos-x86_64, r-release-windows-ix86+x86_64