Last updated on 2023-05-28 01:53:58 CEST.
Flavor | Version | Tinstall | Tcheck | Ttotal | Status | Flags |
---|---|---|---|---|---|---|
r-devel-linux-x86_64-debian-clang | 0.0.5 | 30.89 | 271.07 | 301.96 | OK | |
r-devel-linux-x86_64-debian-gcc | 0.0.5 | 26.99 | 197.97 | 224.96 | OK | |
r-devel-linux-x86_64-fedora-clang | 0.0.5 | 398.44 | OK | |||
r-devel-linux-x86_64-fedora-gcc | 0.0.5 | 371.66 | OK | |||
r-devel-windows-x86_64 | 0.0.5 | 25.00 | 182.00 | 207.00 | OK | |
r-patched-linux-x86_64 | 0.0.5 | 27.89 | 248.27 | 276.16 | OK | |
r-release-linux-x86_64 | 0.0.5 | 21.03 | 248.40 | 269.43 | OK | |
r-release-macos-arm64 | 0.0.5 | 5.00 | ERROR | |||
r-release-macos-x86_64 | 0.0.5 | 164.00 | OK | |||
r-release-windows-x86_64 | 0.0.5 | 36.00 | 232.00 | 268.00 | OK | |
r-oldrel-macos-arm64 | 0.0.5 | 89.00 | OK | |||
r-oldrel-macos-x86_64 | 0.0.5 | 125.00 | OK | |||
r-oldrel-windows-x86_64 | 0.0.5 | 36.00 | 228.00 | 264.00 | OK |
Version: 0.0.5
Check: package dependencies
Result: ERROR
Package required but not available: ‘DOSE’
See section ‘The DESCRIPTION file’ in the ‘Writing R Extensions’
manual.
Flavor: r-release-macos-arm64