CRAN Package Check Results for Package HCD

Last updated on 2021-09-20 07:50:37 CEST.

Flavor Version Tinstall Tcheck Ttotal Status Flags
r-devel-linux-x86_64-debian-clang 0.1 10.66 100.48 111.14 OK
r-devel-linux-x86_64-debian-gcc 0.1 7.97 72.20 80.17 OK
r-devel-linux-x86_64-fedora-clang 0.1 139.91 OK
r-devel-linux-x86_64-fedora-gcc 0.1 123.27 OK
r-devel-windows-x86_64 0.1 10.00 87.00 97.00 OK
r-devel-windows-x86_64-gcc10-UCRT 0.1 ERROR
r-patched-linux-x86_64 0.1 10.21 90.24 100.45 OK
r-patched-solaris-x86 0.1 182.70 OK
r-release-linux-x86_64 0.1 7.56 89.58 97.14 OK
r-release-macos-arm64 0.1 OK
r-release-macos-x86_64 0.1 OK
r-release-windows-ix86+x86_64 0.1 26.00 109.00 135.00 OK
r-oldrel-macos-x86_64 0.1 OK
r-oldrel-windows-ix86+x86_64 0.1 30.00 85.00 115.00 OK

Check Details

Version: 0.1
Check: whether package can be installed
Result: WARN
    Found the following significant warnings:
     WARNING: installation-time patches will not be applied, could not get the patches index
Flavor: r-devel-windows-x86_64-gcc10-UCRT

Version: 0.1
Check: PDF version of manual
Result: WARN
    LaTeX errors when creating PDF version.
    This typically indicates Rd problems.
Flavor: r-devel-windows-x86_64-gcc10-UCRT

Version: 0.1
Check: PDF version of manual without hyperrefs or index
Result: ERROR
    Re-running with no redirection of stdout/stderr.
Flavor: r-devel-windows-x86_64-gcc10-UCRT