CRAN Package Check Results for Package HDInterval

Last updated on 2021-09-21 06:48:26 CEST.

Flavor Version Tinstall Tcheck Ttotal Status Flags
r-devel-linux-x86_64-debian-clang 0.2.2 1.98 22.71 24.69 OK
r-devel-linux-x86_64-debian-gcc 0.2.2 1.47 17.60 19.07 OK
r-devel-linux-x86_64-fedora-clang 0.2.2 38.34 OK
r-devel-linux-x86_64-fedora-gcc 0.2.2 27.72 OK
r-devel-windows-x86_64 0.2.2 4.00 29.00 33.00 OK
r-devel-windows-x86_64-gcc10-UCRT 0.2.2 ERROR
r-patched-linux-x86_64 0.2.2 1.98 21.80 23.78 OK
r-patched-solaris-x86 0.2.2 44.80 OK
r-release-linux-x86_64 0.2.2 1.80 21.92 23.72 OK
r-release-macos-arm64 0.2.2 OK
r-release-macos-x86_64 0.2.2 OK
r-release-windows-ix86+x86_64 0.2.2 5.00 34.00 39.00 OK
r-oldrel-macos-x86_64 0.2.2 OK
r-oldrel-windows-ix86+x86_64 0.2.2 5.00 28.00 33.00 OK

Check Details

Version: 0.2.2
Check: whether package can be installed
Result: WARN
    Found the following significant warnings:
     WARNING: installation-time patches will not be applied, could not get the patches index
Flavor: r-devel-windows-x86_64-gcc10-UCRT

Version: 0.2.2
Check: PDF version of manual
Result: WARN
    LaTeX errors when creating PDF version.
    This typically indicates Rd problems.
Flavor: r-devel-windows-x86_64-gcc10-UCRT

Version: 0.2.2
Check: PDF version of manual without hyperrefs or index
Result: ERROR
    Re-running with no redirection of stdout/stderr.
Flavor: r-devel-windows-x86_64-gcc10-UCRT