CRAN Package Check Results for Package HDMT

Last updated on 2021-09-19 06:49:02 CEST.

Flavor Version Tinstall Tcheck Ttotal Status Flags
r-devel-linux-x86_64-debian-clang 1.0.3 3.30 48.73 52.03 OK
r-devel-linux-x86_64-debian-gcc 1.0.3 2.48 31.27 33.75 OK
r-devel-linux-x86_64-fedora-clang 1.0.3 61.58 OK
r-devel-linux-x86_64-fedora-gcc 1.0.3 50.06 OK
r-devel-windows-x86_64 1.0.3 4.00 47.00 51.00 OK
r-devel-windows-x86_64-gcc10-UCRT 1.0.3 ERROR
r-patched-linux-x86_64 1.0.3 3.13 39.50 42.63 OK
r-patched-solaris-x86 1.0.3 81.00 OK
r-release-linux-x86_64 1.0.3 3.22 39.49 42.71 OK
r-release-macos-arm64 1.0.3 OK
r-release-macos-x86_64 1.0.3 OK
r-release-windows-ix86+x86_64 1.0.3 7.00 58.00 65.00 OK
r-oldrel-macos-x86_64 1.0.3 OK
r-oldrel-windows-ix86+x86_64 1.0.3 7.00 71.00 78.00 OK

Check Details

Version: 1.0.3
Check: whether package can be installed
Result: WARN
    Found the following significant warnings:
     WARNING: installation-time patches will not be applied, could not get the patches index
Flavor: r-devel-windows-x86_64-gcc10-UCRT

Version: 1.0.3
Check: PDF version of manual
Result: WARN
    LaTeX errors when creating PDF version.
    This typically indicates Rd problems.
Flavor: r-devel-windows-x86_64-gcc10-UCRT

Version: 1.0.3
Check: PDF version of manual without hyperrefs or index
Result: ERROR
    Re-running with no redirection of stdout/stderr.
Flavor: r-devel-windows-x86_64-gcc10-UCRT