CRAN Package Check Results for Package HMB

Last updated on 2021-09-21 06:48:27 CEST.

Flavor Version Tinstall Tcheck Ttotal Status Flags
r-devel-linux-x86_64-debian-clang 1.1 138.75 40.78 179.53 OK
r-devel-linux-x86_64-debian-gcc 1.1 90.86 33.11 123.97 OK
r-devel-linux-x86_64-fedora-clang 1.1 259.33 NOTE
r-devel-linux-x86_64-fedora-gcc 1.1 224.78 OK
r-devel-windows-x86_64 1.1 129.00 53.00 182.00 OK
r-devel-windows-x86_64-gcc10-UCRT 1.1 ERROR
r-patched-linux-x86_64 1.1 108.51 40.62 149.13 OK
r-patched-solaris-x86 1.1 235.70 OK
r-release-linux-x86_64 1.1 120.06 40.92 160.98 OK
r-release-macos-arm64 1.1 NOTE
r-release-macos-x86_64 1.1 NOTE
r-release-windows-ix86+x86_64 1.1 320.00 90.00 410.00 NOTE
r-oldrel-macos-x86_64 1.1 NOTE
r-oldrel-windows-ix86+x86_64 1.1 311.00 74.00 385.00 NOTE

Check Details

Version: 1.1
Check: installed package size
Result: NOTE
     installed size is 7.5Mb
     sub-directories of 1Mb or more:
     data 3.5Mb
     libs 3.8Mb
Flavors: r-devel-linux-x86_64-fedora-clang, r-release-macos-arm64, r-release-macos-x86_64, r-release-windows-ix86+x86_64, r-oldrel-macos-x86_64, r-oldrel-windows-ix86+x86_64

Version: 1.1
Check: whether package can be installed
Result: ERROR
    Installation failed.
Flavor: r-devel-windows-x86_64-gcc10-UCRT