CRAN Package Check Results for Package HMMmlselect

Last updated on 2024-07-19 00:53:20 CEST.

Flavor Version Tinstall Tcheck Ttotal Status Flags
r-devel-linux-x86_64-debian-clang 0.1.6 36.51 97.01 133.52 NOTE
r-devel-linux-x86_64-debian-gcc 0.1.6 22.68 71.30 93.98 NOTE
r-devel-linux-x86_64-fedora-clang 0.1.6 166.38 NOTE
r-devel-linux-x86_64-fedora-gcc 0.1.6 165.19 NOTE
r-devel-windows-x86_64 0.1.6 29.00 129.00 158.00 NOTE
r-patched-linux-x86_64 0.1.6 27.28 92.63 119.91 NOTE
r-release-linux-x86_64 0.1.6 27.18 91.53 118.71 NOTE
r-release-macos-arm64 0.1.6 48.00 NOTE
r-release-macos-x86_64 0.1.6 85.00 NOTE
r-release-windows-x86_64 0.1.6 27.00 131.00 158.00 NOTE
r-oldrel-macos-arm64 0.1.6 53.00 NOTE
r-oldrel-macos-x86_64 0.1.6 81.00 NOTE
r-oldrel-windows-x86_64 0.1.6 36.00 140.00 176.00 NOTE

Check Details

Version: 0.1.6
Check: C++ specification
Result: NOTE Specified C++11: please drop specification unless essential Flavors: r-devel-linux-x86_64-debian-clang, r-devel-linux-x86_64-debian-gcc, r-devel-linux-x86_64-fedora-clang, r-devel-linux-x86_64-fedora-gcc, r-devel-windows-x86_64, r-patched-linux-x86_64, r-release-linux-x86_64, r-release-macos-arm64, r-release-macos-x86_64, r-release-windows-x86_64, r-oldrel-macos-arm64, r-oldrel-macos-x86_64, r-oldrel-windows-x86_64

Version: 0.1.6
Check: LazyData
Result: NOTE 'LazyData' is specified without a 'data' directory Flavors: r-devel-linux-x86_64-debian-clang, r-devel-linux-x86_64-debian-gcc, r-devel-linux-x86_64-fedora-clang, r-devel-linux-x86_64-fedora-gcc, r-devel-windows-x86_64, r-patched-linux-x86_64, r-release-linux-x86_64, r-release-macos-arm64, r-release-macos-x86_64, r-release-windows-x86_64, r-oldrel-macos-arm64, r-oldrel-macos-x86_64, r-oldrel-windows-x86_64