CRAN Package Check Results for Package HMMpa

Last updated on 2021-09-26 06:49:09 CEST.

Flavor Version Tinstall Tcheck Ttotal Status Flags
r-devel-linux-x86_64-debian-clang 1.0.1 5.28 35.25 40.53 NOTE
r-devel-linux-x86_64-debian-gcc 1.0.1 3.38 27.45 30.83 NOTE
r-devel-linux-x86_64-fedora-clang 1.0.1 57.34 NOTE
r-devel-linux-x86_64-fedora-gcc 1.0.1 46.26 NOTE
r-devel-windows-x86_64 1.0.1 8.00 35.00 43.00 NOTE
r-devel-windows-x86_64-gcc10-UCRT 1.0.1 NOTE
r-patched-linux-x86_64 1.0.1 4.17 33.89 38.06 NOTE
r-patched-solaris-x86 1.0.1 61.40 NOTE
r-release-linux-x86_64 1.0.1 4.74 34.37 39.11 NOTE
r-release-macos-arm64 1.0.1 NOTE
r-release-macos-x86_64 1.0.1 NOTE
r-release-windows-ix86+x86_64 1.0.1 9.00 44.00 53.00 NOTE
r-oldrel-macos-x86_64 1.0.1 OK
r-oldrel-windows-ix86+x86_64 1.0.1 8.00 45.00 53.00 OK

Check Details

Version: 1.0.1
Check: LazyData
Result: NOTE
     'LazyData' is specified without a 'data' directory
Flavors: r-devel-linux-x86_64-debian-clang, r-devel-linux-x86_64-debian-gcc, r-devel-linux-x86_64-fedora-clang, r-devel-linux-x86_64-fedora-gcc, r-devel-windows-x86_64, r-devel-windows-x86_64-gcc10-UCRT, r-patched-linux-x86_64, r-patched-solaris-x86, r-release-linux-x86_64, r-release-macos-arm64, r-release-macos-x86_64, r-release-windows-ix86+x86_64