Last updated on 2023-02-04 00:50:54 CET.
Flavor | Version | Tinstall | Tcheck | Ttotal | Status | Flags |
---|---|---|---|---|---|---|
r-devel-linux-x86_64-debian-clang | 2.0.1 | 14.80 | 121.76 | 136.56 | OK | |
r-devel-linux-x86_64-debian-gcc | 2.0.1 | 11.11 | 89.34 | 100.45 | OK | |
r-devel-linux-x86_64-fedora-clang | 2.0.1 | 170.90 | NOTE | |||
r-devel-linux-x86_64-fedora-gcc | 2.0.1 | 178.32 | OK | |||
r-devel-windows-x86_64 | 2.0.1 | 37.00 | 212.00 | 249.00 | OK | |
r-patched-linux-x86_64 | 2.0.1 | 12.76 | 114.63 | 127.39 | OK | |
r-release-linux-x86_64 | 2.0.1 | 13.23 | 112.45 | 125.68 | OK | |
r-release-macos-arm64 | 2.0.1 | 51.00 | OK | |||
r-release-macos-x86_64 | 2.0.1 | 96.00 | OK | |||
r-release-windows-x86_64 | 2.0.1 | 37.00 | 178.00 | 215.00 | OK | |
r-oldrel-macos-arm64 | 2.0.1 | 57.00 | OK | |||
r-oldrel-macos-x86_64 | 2.0.1 | 73.00 | OK | |||
r-oldrel-windows-ix86+x86_64 | 2.0.1 | 29.00 | 151.00 | 180.00 | OK |
Version: 2.0.1
Check: Rd cross-references
Result: NOTE
Undeclared package ‘genalg’ in Rd xrefs
Flavor: r-devel-linux-x86_64-fedora-clang