CRAN Package Check Results for Package Haplin

Last updated on 2021-09-21 06:48:26 CEST.

Flavor Version Tinstall Tcheck Ttotal Status Flags
r-devel-linux-x86_64-debian-clang 7.2.3 22.52 344.58 367.10 OK
r-devel-linux-x86_64-debian-gcc 7.2.3 18.05 246.18 264.23 OK
r-devel-linux-x86_64-fedora-clang 7.2.3 430.70 OK
r-devel-linux-x86_64-fedora-gcc 7.2.3 416.72 OK
r-devel-windows-x86_64 7.2.3 27.00 333.00 360.00 WARN
r-devel-windows-x86_64-gcc10-UCRT 7.2.3 ERROR
r-patched-linux-x86_64 7.2.3 22.58 338.28 360.86 OK
r-patched-solaris-x86 7.2.3 540.60 OK
r-release-linux-x86_64 7.2.3 22.07 336.27 358.34 OK
r-release-macos-arm64 7.2.3 NOTE
r-release-macos-x86_64 7.2.3 NOTE
r-release-windows-ix86+x86_64 7.2.3 49.00 447.00 496.00 OK
r-oldrel-macos-x86_64 7.2.3 NOTE
r-oldrel-windows-ix86+x86_64 7.2.3 45.00 474.00 519.00 OK

Check Details

Version: 7.2.3
Check: whether package can be installed
Result: WARN
    Found the following significant warnings:
     Warning: 'memory.limit()' is no longer supported
Flavor: r-devel-windows-x86_64

Version: 7.2.3
Check: whether package can be installed
Result: ERROR
    Installation failed.
Flavor: r-devel-windows-x86_64-gcc10-UCRT

Version: 7.2.3
Check: package dependencies
Result: NOTE
    Package suggested but not available for checking: ‘Rmpi’
Flavors: r-release-macos-arm64, r-release-macos-x86_64, r-oldrel-macos-x86_64