CRAN Package Check Results for Package HiDimDA

Last updated on 2021-09-19 06:49:02 CEST.

Flavor Version Tinstall Tcheck Ttotal Status Flags
r-devel-linux-x86_64-debian-clang 0.2-4 10.50 52.34 62.84 OK
r-devel-linux-x86_64-debian-gcc 0.2-4 8.41 38.99 47.40 OK
r-devel-linux-x86_64-fedora-clang 0.2-4 86.55 NOTE
r-devel-linux-x86_64-fedora-gcc 0.2-4 73.75 NOTE
r-devel-windows-x86_64 0.2-4 13.00 52.00 65.00 OK
r-devel-windows-x86_64-gcc10-UCRT 0.2-4 ERROR
r-patched-linux-x86_64 0.2-4 10.77 49.80 60.57 OK
r-patched-solaris-x86 0.2-4 98.60 OK
r-release-linux-x86_64 0.2-4 9.90 49.89 59.79 OK
r-release-macos-arm64 0.2-4 OK
r-release-macos-x86_64 0.2-4 OK
r-release-windows-ix86+x86_64 0.2-4 22.00 80.00 102.00 OK
r-oldrel-macos-x86_64 0.2-4 OK
r-oldrel-windows-ix86+x86_64 0.2-4 21.00 60.00 81.00 OK

Check Details

Version: 0.2-4
Check: compiled code
Result: NOTE
    File ‘HiDimDA/libs/HiDimDA.so’:
     Found no calls to: ‘R_registerRoutines’, ‘R_useDynamicSymbols’
    
    It is good practice to register native routines and to disable symbol
    search.
    
    See ‘Writing portable packages’ in the ‘Writing R Extensions’ manual.
Flavors: r-devel-linux-x86_64-fedora-clang, r-devel-linux-x86_64-fedora-gcc

Version: 0.2-4
Check: whether package can be installed
Result: ERROR
    Installation failed.
Flavor: r-devel-windows-x86_64-gcc10-UCRT