CRAN Package Check Results for Package HostSwitch

Last updated on 2023-01-28 02:57:21 CET.

Flavor Version Tinstall Tcheck Ttotal Status Flags
r-devel-linux-x86_64-debian-clang 0.1.2 8.86 91.99 100.85 OK
r-devel-linux-x86_64-debian-gcc 0.1.2 6.81 70.50 77.31 OK
r-devel-linux-x86_64-fedora-clang 0.1.2 125.52 NOTE
r-devel-linux-x86_64-fedora-gcc 0.1.2 133.94 NOTE
r-devel-windows-x86_64 0.1.2 28.00 143.00 171.00 OK
r-patched-linux-x86_64 0.1.2 8.22 87.14 95.36 OK
r-release-linux-x86_64 0.1.2 8.53 89.53 98.06 OK
r-release-macos-arm64 0.1.2 40.00 NOTE
r-release-macos-x86_64 0.1.2 63.00 NOTE
r-release-windows-x86_64 0.1.2 39.00 137.00 176.00 OK
r-oldrel-macos-arm64 0.1.2 42.00 NOTE
r-oldrel-macos-x86_64 0.1.2 68.00 NOTE
r-oldrel-windows-ix86+x86_64 0.1.2 25.00 121.00 146.00 OK

Check Details

Version: 0.1.2
Check: dependencies in R code
Result: NOTE
    Namespace in Imports field not imported from: ‘purrr’
     All declared Imports should be used.
Flavors: r-devel-linux-x86_64-fedora-clang, r-devel-linux-x86_64-fedora-gcc, r-release-macos-arm64, r-release-macos-x86_64, r-oldrel-macos-arm64, r-oldrel-macos-x86_64