CRAN Package Check Results for Package IASD

Last updated on 2021-09-27 06:48:25 CEST.

Flavor Version Tinstall Tcheck Ttotal Status Flags
r-devel-linux-x86_64-debian-clang 1.1 2.59 26.71 29.30 NOTE
r-devel-linux-x86_64-debian-gcc 1.1 2.04 21.23 23.27 NOTE
r-devel-linux-x86_64-fedora-clang 1.1 44.36 NOTE
r-devel-linux-x86_64-fedora-gcc 1.1 33.92 NOTE
r-devel-windows-x86_64 1.1 4.00 35.00 39.00 OK
r-devel-windows-x86_64-gcc10-UCRT 1.1 OK
r-patched-linux-x86_64 1.1 2.31 26.14 28.45 NOTE
r-patched-solaris-x86 1.1 53.20 NOTE
r-release-linux-x86_64 1.1 2.44 25.99 28.43 NOTE
r-release-macos-arm64 1.1 OK
r-release-macos-x86_64 1.1 OK
r-release-windows-ix86+x86_64 1.1 6.00 42.00 48.00 OK
r-oldrel-macos-x86_64 1.1 OK
r-oldrel-windows-ix86+x86_64 1.1 4.00 40.00 44.00 OK

Check Details

Version: 1.1
Check: for non-standard things in the check directory
Result: NOTE
    Found the following files/directories:
     'AIC.txt' 'AICc.txt' 'IAS.pdf' 'IAS2.pdf' 'IAS3.pdf'
     'P.microlepis-AIC.txt' 'P.microlepis-AICc.txt' 'P.microlepis-IAS.pdf'
     'P.microlepis-IAS2.pdf' 'P.microlepis-IAS3.pdf'
Flavors: r-devel-linux-x86_64-debian-clang, r-devel-linux-x86_64-debian-gcc, r-devel-linux-x86_64-fedora-clang, r-devel-linux-x86_64-fedora-gcc, r-patched-linux-x86_64, r-patched-solaris-x86, r-release-linux-x86_64