CRAN Package Check Results for Package IBMPopSim

Last updated on 2021-09-23 07:49:40 CEST.

Flavor Version Tinstall Tcheck Ttotal Status Flags
r-devel-linux-x86_64-debian-clang 0.3.1 9.08 112.74 121.82 OK
r-devel-linux-x86_64-debian-gcc 0.3.1 6.41 86.66 93.07 OK
r-devel-linux-x86_64-fedora-clang 0.3.1 145.65 OK
r-devel-linux-x86_64-fedora-gcc 0.3.1 131.38 OK
r-devel-windows-x86_64 0.3.1 10.00 256.00 266.00 OK
r-devel-windows-x86_64-gcc10-UCRT 0.3.1 ERROR
r-patched-linux-x86_64 0.3.1 7.41 110.14 117.55 OK
r-patched-solaris-x86 0.3.1 134.10 OK
r-release-linux-x86_64 0.3.1 5.72 108.85 114.57 OK
r-release-macos-arm64 0.3.1 OK
r-release-macos-x86_64 0.3.1 OK
r-release-windows-ix86+x86_64 0.3.1 18.00 339.00 357.00 OK
r-oldrel-macos-x86_64 0.3.1 OK
r-oldrel-windows-ix86+x86_64 0.3.1 14.00 248.00 262.00 OK

Check Details

Version: 0.3.1
Check: PDF version of manual
Result: WARN
    LaTeX errors when creating PDF version.
    This typically indicates Rd problems.
Flavor: r-devel-windows-x86_64-gcc10-UCRT

Version: 0.3.1
Check: PDF version of manual without hyperrefs or index
Result: ERROR
    Re-running with no redirection of stdout/stderr.
Flavor: r-devel-windows-x86_64-gcc10-UCRT