CRAN Package Check Results for Package ICS

Last updated on 2021-09-22 06:48:30 CEST.

Flavor Version Tinstall Tcheck Ttotal Status Flags
r-devel-linux-x86_64-debian-clang 1.3-1 10.82 101.60 112.42 OK
r-devel-linux-x86_64-debian-gcc 1.3-1 8.15 79.22 87.37 OK
r-devel-linux-x86_64-fedora-clang 1.3-1 143.07 OK
r-devel-linux-x86_64-fedora-gcc 1.3-1 132.13 OK
r-devel-windows-x86_64 1.3-1 12.00 91.00 103.00 OK
r-devel-windows-x86_64-gcc10-UCRT 1.3-1 ERROR
r-patched-linux-x86_64 1.3-1 8.83 99.72 108.55 OK
r-patched-solaris-x86 1.3-1 182.10 OK
r-release-linux-x86_64 1.3-1 7.98 98.87 106.85 OK
r-release-macos-arm64 1.3-1 OK
r-release-macos-x86_64 1.3-1 OK
r-release-windows-ix86+x86_64 1.3-1 24.00 121.00 145.00 OK
r-oldrel-macos-x86_64 1.3-1 OK
r-oldrel-windows-ix86+x86_64 1.3-1 21.00 92.00 113.00 OK

Check Details

Version: 1.3-1
Check: PDF version of manual
Result: WARN
    LaTeX errors when creating PDF version.
    This typically indicates Rd problems.
Flavor: r-devel-windows-x86_64-gcc10-UCRT

Version: 1.3-1
Check: PDF version of manual without hyperrefs or index
Result: ERROR
    Re-running with no redirection of stdout/stderr.
Flavor: r-devel-windows-x86_64-gcc10-UCRT