CRAN Package Check Results for Package IPDFileCheck

Last updated on 2023-01-28 02:57:21 CET.

Flavor Version Tinstall Tcheck Ttotal Status Flags
r-devel-linux-x86_64-debian-clang 0.7.5 15.26 169.48 184.74 OK
r-devel-linux-x86_64-debian-gcc 0.7.5 13.62 125.09 138.71 OK
r-devel-linux-x86_64-fedora-clang 0.7.5 233.66 NOTE
r-devel-linux-x86_64-fedora-gcc 0.7.5 237.39 NOTE
r-devel-windows-x86_64 0.7.5 28.00 236.00 264.00 OK
r-patched-linux-x86_64 0.7.5 15.11 162.92 178.03 OK
r-release-linux-x86_64 0.7.5 16.53 161.02 177.55 OK
r-release-macos-arm64 0.7.5 60.00 NOTE
r-release-macos-x86_64 0.7.5 117.00 NOTE
r-release-windows-x86_64 0.7.5 46.00 224.00 270.00 OK
r-oldrel-macos-arm64 0.7.5 56.00 NOTE
r-oldrel-macos-x86_64 0.7.5 82.00 NOTE
r-oldrel-windows-ix86+x86_64 0.7.5 53.00 231.00 284.00 OK

Check Details

Version: 0.7.5
Check: dependencies in R code
Result: NOTE
    Namespaces in Imports field not imported from:
     ‘gmodels’ ‘lmtest’ ‘testthat’ ‘tidyverse’ ‘zoo’
     All declared Imports should be used.
Flavors: r-devel-linux-x86_64-fedora-clang, r-devel-linux-x86_64-fedora-gcc, r-release-macos-arm64, r-release-macos-x86_64, r-oldrel-macos-arm64, r-oldrel-macos-x86_64