CRAN Package Check Results for Package InterVA5

Last updated on 2021-11-27 08:50:40 CET.

Flavor Version Tinstall Tcheck Ttotal Status Flags
r-devel-linux-x86_64-debian-clang 1.1.3 OK
r-devel-linux-x86_64-debian-gcc 1.1.3 3.20 164.09 167.29 OK
r-devel-linux-x86_64-fedora-clang 1.1.3 277.52 NOTE
r-devel-linux-x86_64-fedora-gcc 1.1.3 250.08 NOTE
r-devel-windows-x86_64-new-UL 1.1.3 11.00 481.00 492.00 OK
r-devel-windows-x86_64-new-TK 1.1.3 NOTE
r-devel-windows-x86_64-old 1.1.3 5.00 200.00 205.00 OK
r-patched-linux-x86_64 1.1.3 4.34 206.53 210.87 OK
r-patched-solaris-x86 1.1.3 327.30 NOTE
r-release-linux-x86_64 1.1.3 OK
r-release-macos-arm64 1.1.3 NOTE
r-release-macos-x86_64 1.1.3 NOTE
r-release-windows-ix86+x86_64 1.1.3 9.00 141.00 150.00 OK
r-oldrel-macos-x86_64 1.1.3 NOTE
r-oldrel-windows-ix86+x86_64 1.1.3 16.00 180.00 196.00 OK

Check Details

Version: 1.1.3
Check: dependencies in R code
Result: NOTE
    Namespaces in Imports field not imported from:
     ‘curl’ ‘readxl’
     All declared Imports should be used.
Flavors: r-devel-linux-x86_64-fedora-clang, r-devel-linux-x86_64-fedora-gcc, r-devel-windows-x86_64-new-TK, r-patched-solaris-x86, r-release-macos-arm64, r-release-macos-x86_64, r-oldrel-macos-x86_64