CRAN Package Check Results for Package JMcmprsk

Last updated on 2021-09-28 06:48:27 CEST.

Flavor Version Tinstall Tcheck Ttotal Status Flags
r-devel-linux-x86_64-debian-clang 0.9.10 62.94 51.21 114.15 WARN
r-devel-linux-x86_64-debian-gcc 0.9.10 43.97 39.71 83.68 WARN
r-devel-linux-x86_64-fedora-clang 0.9.10 190.85 NOTE
r-devel-linux-x86_64-fedora-gcc 0.9.10 167.99 NOTE
r-devel-windows-x86_64 0.9.10 57.00 72.00 129.00 OK
r-devel-windows-x86_64-gcc10-UCRT 0.9.10 NOTE
r-patched-linux-x86_64 0.9.10 52.92 49.54 102.46 WARN
r-patched-solaris-x86 0.9.10 172.60 NOTE
r-release-linux-x86_64 0.9.10 54.05 49.60 103.65 WARN
r-release-macos-arm64 0.9.10 NOTE
r-release-macos-x86_64 0.9.10 NOTE
r-release-windows-ix86+x86_64 0.9.10 144.00 109.00 253.00 OK
r-oldrel-macos-x86_64 0.9.10 NOTE
r-oldrel-windows-ix86+x86_64 0.9.10 101.00 87.00 188.00 OK

Check Details

Version: 0.9.10
Check: top-level files
Result: WARN
     Output from running autoreconf:
     configure.ac:33: warning: AC_OUTPUT should be used without arguments.
     configure.ac:33: You should run autoupdate.
Flavors: r-devel-linux-x86_64-debian-clang, r-devel-linux-x86_64-debian-gcc, r-patched-linux-x86_64, r-release-linux-x86_64

Version: 0.9.10
Check: dependencies in R code
Result: NOTE
    Namespace in Imports field not imported from: ‘dplyr’
     All declared Imports should be used.
Flavors: r-devel-linux-x86_64-fedora-clang, r-devel-linux-x86_64-fedora-gcc, r-devel-windows-x86_64-gcc10-UCRT, r-patched-solaris-x86, r-release-macos-arm64, r-release-macos-x86_64, r-oldrel-macos-x86_64

Version: 0.9.10
Check: installed package size
Result: NOTE
     installed size is 6.1Mb
     sub-directories of 1Mb or more:
     libs 5.4Mb
Flavors: r-release-macos-arm64, r-release-macos-x86_64, r-oldrel-macos-x86_64