CRAN Package Check Results for Package JRF

Last updated on 2021-09-19 06:49:05 CEST.

Flavor Version Tinstall Tcheck Ttotal Status Flags
r-devel-linux-x86_64-debian-clang 0.1-4 3.82 26.28 30.10 OK
r-devel-linux-x86_64-debian-gcc 0.1-4 2.86 20.60 23.46 OK
r-devel-linux-x86_64-fedora-clang 0.1-4 46.05 NOTE
r-devel-linux-x86_64-fedora-gcc 0.1-4 35.10 NOTE
r-devel-windows-x86_64 0.1-4 5.00 34.00 39.00 OK
r-devel-windows-x86_64-gcc10-UCRT 0.1-4 ERROR
r-patched-linux-x86_64 0.1-4 3.67 25.62 29.29 OK
r-patched-solaris-x86 0.1-4 54.00 OK
r-release-linux-x86_64 0.1-4 3.45 25.39 28.84 OK
r-release-macos-arm64 0.1-4 OK
r-release-macos-x86_64 0.1-4 OK
r-release-windows-ix86+x86_64 0.1-4 10.00 51.00 61.00 OK
r-oldrel-macos-x86_64 0.1-4 OK
r-oldrel-windows-ix86+x86_64 0.1-4 10.00 38.00 48.00 OK

Check Details

Version: 0.1-4
Check: compiled code
Result: NOTE
    File ‘JRF/libs/JRF.so’:
     Found no calls to: ‘R_registerRoutines’, ‘R_useDynamicSymbols’
    
    It is good practice to register native routines and to disable symbol
    search.
    
    See ‘Writing portable packages’ in the ‘Writing R Extensions’ manual.
Flavors: r-devel-linux-x86_64-fedora-clang, r-devel-linux-x86_64-fedora-gcc

Version: 0.1-4
Check: whether package can be installed
Result: ERROR
    Installation failed.
Flavor: r-devel-windows-x86_64-gcc10-UCRT