CRAN Package Check Results for Package JointAI

Last updated on 2021-09-23 07:49:42 CEST.

Flavor Version Tinstall Tcheck Ttotal Status Flags
r-devel-linux-x86_64-debian-clang 1.0.2 16.16 187.17 203.33 OK
r-devel-linux-x86_64-debian-gcc 1.0.2 13.02 139.96 152.98 OK
r-devel-linux-x86_64-fedora-clang 1.0.2 248.32 OK
r-devel-linux-x86_64-fedora-gcc 1.0.2 249.78 OK
r-devel-windows-x86_64 1.0.2 19.00 172.00 191.00 OK
r-devel-windows-x86_64-gcc10-UCRT 1.0.2 ERROR
r-patched-linux-x86_64 1.0.2 17.68 162.89 180.57 OK
r-patched-solaris-x86 1.0.2 355.60 OK
r-release-linux-x86_64 1.0.2 12.31 162.35 174.66 OK
r-release-macos-arm64 1.0.2 OK
r-release-macos-x86_64 1.0.2 OK
r-release-windows-ix86+x86_64 1.0.2 30.00 191.00 221.00 OK
r-oldrel-macos-x86_64 1.0.2 OK
r-oldrel-windows-ix86+x86_64 1.0.2 21.00 140.00 161.00 OK

Check Details

Version: 1.0.2
Check: PDF version of manual
Result: WARN
    LaTeX errors when creating PDF version.
    This typically indicates Rd problems.
Flavor: r-devel-windows-x86_64-gcc10-UCRT

Version: 1.0.2
Check: PDF version of manual without hyperrefs or index
Result: ERROR
    Re-running with no redirection of stdout/stderr.
Flavor: r-devel-windows-x86_64-gcc10-UCRT