CRAN Package Check Results for Package KneeArrower

Last updated on 2021-09-24 06:48:30 CEST.

Flavor Version Tinstall Tcheck Ttotal Status Flags
r-devel-linux-x86_64-debian-clang 1.0.0 1.64 26.07 27.71 NOTE
r-devel-linux-x86_64-debian-gcc 1.0.0 1.51 20.38 21.89 NOTE
r-devel-linux-x86_64-fedora-clang 1.0.0 43.11 NOTE
r-devel-linux-x86_64-fedora-gcc 1.0.0 32.41 NOTE
r-devel-windows-x86_64 1.0.0 4.00 34.00 38.00 NOTE
r-devel-windows-x86_64-gcc10-UCRT 1.0.0 NOTE
r-patched-linux-x86_64 1.0.0 2.01 24.70 26.71 NOTE
r-patched-solaris-x86 1.0.0 48.90 NOTE
r-release-linux-x86_64 1.0.0 1.78 24.78 26.56 NOTE
r-release-macos-arm64 1.0.0 NOTE
r-release-macos-x86_64 1.0.0 NOTE
r-release-windows-ix86+x86_64 1.0.0 6.00 41.00 47.00 NOTE
r-oldrel-macos-x86_64 1.0.0 OK
r-oldrel-windows-ix86+x86_64 1.0.0 15.00 33.00 48.00 OK

Check Details

Version: 1.0.0
Check: LazyData
Result: NOTE
     'LazyData' is specified without a 'data' directory
Flavors: r-devel-linux-x86_64-debian-clang, r-devel-linux-x86_64-debian-gcc, r-devel-linux-x86_64-fedora-clang, r-devel-linux-x86_64-fedora-gcc, r-devel-windows-x86_64, r-devel-windows-x86_64-gcc10-UCRT, r-patched-linux-x86_64, r-patched-solaris-x86, r-release-linux-x86_64, r-release-macos-arm64, r-release-macos-x86_64, r-release-windows-ix86+x86_64