CRAN Package Check Results for Package LAM

Last updated on 2021-09-22 06:48:32 CEST.

Flavor Version Tinstall Tcheck Ttotal Status Flags
r-devel-linux-x86_64-debian-clang 0.5-15 54.37 52.26 106.63 OK
r-devel-linux-x86_64-debian-gcc 0.5-15 35.30 40.01 75.31 OK
r-devel-linux-x86_64-fedora-clang 0.5-15 148.93 OK
r-devel-linux-x86_64-fedora-gcc 0.5-15 135.59 OK
r-devel-windows-x86_64 0.5-15 55.00 65.00 120.00 OK
r-devel-windows-x86_64-gcc10-UCRT 0.5-15 ERROR
r-patched-linux-x86_64 0.5-15 49.64 50.38 100.02 OK
r-patched-solaris-x86 0.5-15 135.50 OK
r-release-linux-x86_64 0.5-15 47.79 50.07 97.86 OK
r-release-macos-arm64 0.5-15 OK
r-release-macos-x86_64 0.5-15 OK
r-release-windows-ix86+x86_64 0.5-15 130.00 102.00 232.00 OK
r-oldrel-macos-x86_64 0.5-15 OK
r-oldrel-windows-ix86+x86_64 0.5-15 131.00 77.00 208.00 OK

Check Details

Version: 0.5-15
Check: whether package can be installed
Result: ERROR
    Installation failed.
Flavor: r-devel-windows-x86_64-gcc10-UCRT