CRAN Package Check Results for Package LARF

Last updated on 2021-09-19 06:49:06 CEST.

Flavor Version Tinstall Tcheck Ttotal Status Flags
r-devel-linux-x86_64-debian-clang 1.4 2.73 27.14 29.87 OK
r-devel-linux-x86_64-debian-gcc 1.4 2.42 21.07 23.49 OK
r-devel-linux-x86_64-fedora-clang 1.4 45.96 OK
r-devel-linux-x86_64-fedora-gcc 1.4 35.14 OK
r-devel-windows-x86_64 1.4 4.00 34.00 38.00 OK
r-devel-windows-x86_64-gcc10-UCRT 1.4 ERROR
r-patched-linux-x86_64 1.4 2.84 26.47 29.31 OK
r-patched-solaris-x86 1.4 51.70 OK
r-release-linux-x86_64 1.4 2.71 26.02 28.73 OK
r-release-macos-arm64 1.4 OK
r-release-macos-x86_64 1.4 OK
r-release-windows-ix86+x86_64 1.4 8.00 43.00 51.00 OK
r-oldrel-macos-x86_64 1.4 OK
r-oldrel-windows-ix86+x86_64 1.4 5.00 32.00 37.00 OK

Check Details

Version: 1.4
Check: whether package can be installed
Result: WARN
    Found the following significant warnings:
     WARNING: installation-time patches will not be applied, could not get the patches index
Flavor: r-devel-windows-x86_64-gcc10-UCRT

Version: 1.4
Check: PDF version of manual
Result: WARN
    LaTeX errors when creating PDF version.
    This typically indicates Rd problems.
Flavor: r-devel-windows-x86_64-gcc10-UCRT

Version: 1.4
Check: PDF version of manual without hyperrefs or index
Result: ERROR
    Re-running with no redirection of stdout/stderr.
Flavor: r-devel-windows-x86_64-gcc10-UCRT