CRAN Package Check Results for Package LMERConvenienceFunctions

Last updated on 2021-09-21 06:48:32 CEST.

Flavor Version Tinstall Tcheck Ttotal Status Flags
r-devel-linux-x86_64-debian-clang 3.0 14.70 135.31 150.01 OK
r-devel-linux-x86_64-debian-gcc 3.0 12.85 96.68 109.53 OK
r-devel-linux-x86_64-fedora-clang 3.0 187.97 OK
r-devel-linux-x86_64-fedora-gcc 3.0 177.22 OK
r-devel-windows-x86_64 3.0 16.00 109.00 125.00 OK
r-devel-windows-x86_64-gcc10-UCRT 3.0 ERROR
r-patched-linux-x86_64 3.0 17.00 124.72 141.72 OK
r-patched-solaris-x86 3.0 226.20 OK
r-release-linux-x86_64 3.0 13.90 124.69 138.59 OK
r-release-macos-arm64 3.0 OK
r-release-macos-x86_64 3.0 OK
r-release-windows-ix86+x86_64 3.0 38.00 154.00 192.00 OK
r-oldrel-macos-x86_64 3.0 OK
r-oldrel-windows-ix86+x86_64 3.0 38.00 110.00 148.00 OK

Check Details

Version: 3.0
Check: whether package can be installed
Result: WARN
    Found the following significant warnings:
     WARNING: installation-time patches will not be applied, could not get the patches index
Flavor: r-devel-windows-x86_64-gcc10-UCRT

Version: 3.0
Check: PDF version of manual
Result: WARN
    LaTeX errors when creating PDF version.
    This typically indicates Rd problems.
Flavor: r-devel-windows-x86_64-gcc10-UCRT

Version: 3.0
Check: PDF version of manual without hyperrefs or index
Result: ERROR
    Re-running with no redirection of stdout/stderr.
Flavor: r-devel-windows-x86_64-gcc10-UCRT