CRAN Package Check Results for Package LNIRT

Last updated on 2021-09-19 06:49:08 CEST.

Flavor Version Tinstall Tcheck Ttotal Status Flags
r-devel-linux-x86_64-debian-clang 0.5.1 10.21 53.38 63.59 OK
r-devel-linux-x86_64-debian-gcc 0.5.1 9.78 40.38 50.16 OK
r-devel-linux-x86_64-fedora-clang 0.5.1 84.33 OK
r-devel-linux-x86_64-fedora-gcc 0.5.1 75.03 OK
r-devel-windows-x86_64 0.5.1 13.00 53.00 66.00 OK
r-devel-windows-x86_64-gcc10-UCRT 0.5.1 ERROR
r-patched-linux-x86_64 0.5.1 10.41 51.12 61.53 OK
r-patched-solaris-x86 0.5.1 96.20 OK
r-release-linux-x86_64 0.5.1 9.13 52.05 61.18 OK
r-release-macos-arm64 0.5.1 OK
r-release-macos-x86_64 0.5.1 OK
r-release-windows-ix86+x86_64 0.5.1 20.00 68.00 88.00 OK
r-oldrel-macos-x86_64 0.5.1 OK
r-oldrel-windows-ix86+x86_64 0.5.1 16.00 67.00 83.00 OK

Check Details

Version: 0.5.1
Check: whether package can be installed
Result: WARN
    Found the following significant warnings:
     WARNING: installation-time patches will not be applied, could not get the patches index
Flavor: r-devel-windows-x86_64-gcc10-UCRT

Version: 0.5.1
Check: PDF version of manual
Result: WARN
    LaTeX errors when creating PDF version.
    This typically indicates Rd problems.
Flavor: r-devel-windows-x86_64-gcc10-UCRT

Version: 0.5.1
Check: PDF version of manual without hyperrefs or index
Result: ERROR
    Re-running with no redirection of stdout/stderr.
Flavor: r-devel-windows-x86_64-gcc10-UCRT