CRAN Package Check Results for Package LPsmooth

Last updated on 2021-09-26 06:49:12 CEST.

Flavor Version Tinstall Tcheck Ttotal Status Flags
r-devel-linux-x86_64-debian-clang 0.1.3 13.31 122.11 135.42 NOTE
r-devel-linux-x86_64-debian-gcc 0.1.3 9.50 89.84 99.34 NOTE
r-devel-linux-x86_64-fedora-clang 0.1.3 174.23 NOTE
r-devel-linux-x86_64-fedora-gcc 0.1.3 162.19 NOTE
r-devel-windows-x86_64 0.1.3 14.00 108.00 122.00 NOTE
r-devel-windows-x86_64-gcc10-UCRT 0.1.3 NOTE
r-patched-linux-x86_64 0.1.3 11.65 112.57 124.22 NOTE
r-patched-solaris-x86 0.1.3 212.40 NOTE
r-release-linux-x86_64 0.1.3 11.21 112.15 123.36 NOTE
r-release-macos-arm64 0.1.3 NOTE
r-release-macos-x86_64 0.1.3 NOTE
r-release-windows-ix86+x86_64 0.1.3 31.00 142.00 173.00 NOTE
r-oldrel-macos-x86_64 0.1.3 OK
r-oldrel-windows-ix86+x86_64 0.1.3 22.00 107.00 129.00 OK

Check Details

Version: 0.1.3
Check: LazyData
Result: NOTE
     'LazyData' is specified without a 'data' directory
Flavors: r-devel-linux-x86_64-debian-clang, r-devel-linux-x86_64-debian-gcc, r-devel-linux-x86_64-fedora-clang, r-devel-linux-x86_64-fedora-gcc, r-devel-windows-x86_64, r-devel-windows-x86_64-gcc10-UCRT, r-patched-linux-x86_64, r-patched-solaris-x86, r-release-linux-x86_64, r-release-macos-arm64, r-release-macos-x86_64, r-release-windows-ix86+x86_64