CRAN Package Check Results for Package Lahman

Last updated on 2021-09-23 07:49:42 CEST.

Flavor Version Tinstall Tcheck Ttotal Status Flags
r-devel-linux-x86_64-debian-clang 9.0-0 44.22 82.37 126.59 OK
r-devel-linux-x86_64-debian-gcc 9.0-0 42.55 63.13 105.68 OK
r-devel-linux-x86_64-fedora-clang 9.0-0 174.48 NOTE
r-devel-linux-x86_64-fedora-gcc 9.0-0 171.32 OK
r-devel-windows-x86_64 9.0-0 52.00 92.00 144.00 NOTE
r-devel-windows-x86_64-gcc10-UCRT 9.0-0 ERROR
r-patched-linux-x86_64 9.0-0 45.75 89.42 135.17 OK
r-patched-solaris-x86 9.0-0 342.60 NOTE
r-release-linux-x86_64 9.0-0 47.99 90.62 138.61 OK
r-release-macos-arm64 9.0-0 NOTE
r-release-macos-x86_64 9.0-0 NOTE
r-release-windows-ix86+x86_64 9.0-0 66.00 129.00 195.00 NOTE
r-oldrel-macos-x86_64 9.0-0 NOTE
r-oldrel-windows-ix86+x86_64 9.0-0 49.00 97.00 146.00 NOTE

Check Details

Version: 9.0-0
Check: installed package size
Result: NOTE
     installed size is 6.7Mb
     sub-directories of 1Mb or more:
     data 6.0Mb
Flavors: r-devel-linux-x86_64-fedora-clang, r-devel-windows-x86_64, r-patched-solaris-x86, r-release-macos-arm64, r-release-macos-x86_64, r-release-windows-ix86+x86_64, r-oldrel-macos-x86_64, r-oldrel-windows-ix86+x86_64

Version: 9.0-0
Check: Rd cross-references
Result: NOTE
    Undeclared package ‘plyr’ in Rd xrefs
Flavor: r-devel-linux-x86_64-fedora-clang

Version: 9.0-0
Check: PDF version of manual
Result: WARN
    LaTeX errors when creating PDF version.
    This typically indicates Rd problems.
Flavor: r-devel-windows-x86_64-gcc10-UCRT

Version: 9.0-0
Check: PDF version of manual without hyperrefs or index
Result: ERROR
    Re-running with no redirection of stdout/stderr.
Flavor: r-devel-windows-x86_64-gcc10-UCRT