CRAN Package Check Results for Package LaplacesDemon

Last updated on 2021-09-21 06:48:31 CEST.

Flavor Version Tinstall Tcheck Ttotal Status Flags
r-devel-linux-x86_64-debian-clang 16.1.6 58.70 284.70 343.40 OK
r-devel-linux-x86_64-debian-gcc 16.1.6 44.07 208.63 252.70 OK
r-devel-linux-x86_64-fedora-clang 16.1.6 414.60 OK
r-devel-linux-x86_64-fedora-gcc 16.1.6 420.21 OK
r-devel-windows-x86_64 16.1.6 57.00 239.00 296.00 OK
r-devel-windows-x86_64-gcc10-UCRT 16.1.6 ERROR
r-patched-linux-x86_64 16.1.6 66.94 275.80 342.74 OK
r-patched-solaris-x86 16.1.6 441.60 NOTE
r-release-linux-x86_64 16.1.6 56.76 276.35 333.11 OK
r-release-macos-arm64 16.1.6 NOTE
r-release-macos-x86_64 16.1.6 OK
r-release-windows-ix86+x86_64 16.1.6 76.00 314.00 390.00 OK
r-oldrel-macos-x86_64 16.1.6 OK
r-oldrel-windows-ix86+x86_64 16.1.6 75.00 235.00 310.00 OK

Check Details

Version: 16.1.6
Check: whether package can be installed
Result: WARN
    Found the following significant warnings:
     WARNING: installation-time patches will not be applied, could not get the patches index
Flavor: r-devel-windows-x86_64-gcc10-UCRT

Version: 16.1.6
Check: PDF version of manual
Result: WARN
    LaTeX errors when creating PDF version.
    This typically indicates Rd problems.
Flavor: r-devel-windows-x86_64-gcc10-UCRT

Version: 16.1.6
Check: PDF version of manual without hyperrefs or index
Result: ERROR
    Re-running with no redirection of stdout/stderr.
Flavor: r-devel-windows-x86_64-gcc10-UCRT

Version: 16.1.6
Check: installed package size
Result: NOTE
     installed size is 5.3Mb
     sub-directories of 1Mb or more:
     R 1.6Mb
     doc 2.0Mb
     help 1.2Mb
Flavors: r-patched-solaris-x86, r-release-macos-arm64